{"id":196,"date":"2026-01-04T16:55:30","date_gmt":"2026-01-04T16:55:30","guid":{"rendered":"http:\/\/dnexpert.site\/?post_type=product&#038;p=196"},"modified":"2026-01-04T16:55:31","modified_gmt":"2026-01-04T16:55:31","slug":"mannol-antigel-ag13-40-hightec-4013-1l","status":"publish","type":"product","link":"https:\/\/dnexpert.site\/index.php\/product\/mannol-antigel-ag13-40-hightec-4013-1l\/","title":{"rendered":"MANNOL Antigel AG13 (-40) Hightec 4013 1L"},"content":{"rendered":"<p>Une solution hybride (HOAT &#8211; Hybrid Organic Acid Technology) de haute technologie pr\u00eate \u00e0 l&#8217;emploi (qui ne n\u00e9cessite pas de dilution et prot\u00e8ge le syst\u00e8me de refroidissement de la voiture \u00e0 des temp\u00e9ratures allant jusqu&#8217;\u00e0 -40\u00b0C) avec d&#8217;excellentes caract\u00e9ristiques de fonctionnement destin\u00e9es \u00e0 une utilisation toute l&#8217;ann\u00e9e utilisation dans tout syst\u00e8me de refroidissement moderne pour lequel l&#8217;utilisation d&#8217;antigel \u00e0 base de mono-\u00e9thyl\u00e8ne-glycol est recommand\u00e9e. Il assure une protection fiable de tout syst\u00e8me de refroidissement.<\/p>\n<p><strong>Propri\u00e9t\u00e9s du produit :<\/strong><\/p>\n<p>&#8211; Il assure une protection fiable des m\u00e9taux et alliages (laiton, cuivre, acier trait\u00e9 alli\u00e9, fonte, aluminium) contre toutes les formes de corrosion, ainsi qu&#8217;emp\u00eache une corrosion \u00e0 haute temp\u00e9rature des surfaces en aluminium des moteurs modernes ;<\/p>\n<p>&#8211; Le paquet d&#8217;additifs non organiques prot\u00e8ge la surface d&#8217;un coup et la partie organique ne commence \u00e0 agir que lorsque des sources de corrosion apparaissent ainsi une protection maximale est atteinte d\u00e8s le d\u00e9but de l&#8217;utilisation et la dur\u00e9e de vie du moteur est prolong\u00e9e ;<\/p>\n<p>&#8211; Il a une stabilit\u00e9 thermique exceptionnelle. Il prot\u00e8ge de la formation de d\u00e9p\u00f4ts;<\/p>\n<p>&#8211; Il a d&#8217;excellentes propri\u00e9t\u00e9s de conductivit\u00e9 thermique et une r\u00e9sistance \u00e0 la formation de mousse ;<\/p>\n<p>&#8211; Il est neutre pour les inserts et les tuyaux, compatible avec tous les types de pi\u00e8ces en caoutchouc et en plastique du syst\u00e8me de refroidissement ;<\/p>\n<p>&#8211; Il a une excellente r\u00e9sistance \u00e0 l&#8217;eau dure et des taux d&#8217;\u00e9puisement des inhibiteurs de corrosion tr\u00e8s faibles ;<\/p>\n<p>&#8211; L&#8217;ensemble d&#8217;additifs \u00e0 haute efficacit\u00e9 assure une stabilit\u00e9 exceptionnelle des propri\u00e9t\u00e9s de fonctionnement de l&#8217;antigel pendant toute la dur\u00e9e de vie ;<\/p>\n<p>&#8211; Il contient un colorant fluorescent permettant d&#8217;identifier m\u00eame les petites fuites de l&#8217;antigel \u00e0 la lumi\u00e8re UV ;<\/p>\n<p>&#8211; C&#8217;est un liquide avec un niveau \u00e9lev\u00e9 de borates et de silicates. Il ne contient pas de nitrates, phosphates et amines (la technologie sans NAP).<\/p>\n<p>Couleur : vert.<\/p>\n<p>Dur\u00e9e de vie : pas moins de 3 ans.<\/p>\n<p>Respectez les instructions du fabricant fournies dans le manuel d&#8217;utilisation<\/p>\n","protected":false},"excerpt":{"rendered":"<p>Une solution hybride (HOAT &#8211; Hybrid Organic Acid Technology) de haute technologie pr\u00eate \u00e0 l&#8217;emploi (qui ne n\u00e9cessite pas de dilution et prot\u00e8ge le syst\u00e8me de refroidissement de la voiture \u00e0 des temp\u00e9ratures allant jusqu&#8217;\u00e0 -40\u00b0C) avec d&#8217;excellentes caract\u00e9ristiques de fonctionnement destin\u00e9es \u00e0 une utilisation toute l&#8217;ann\u00e9e utilisation dans tout syst\u00e8me de refroidissement moderne pour lequel l&#8217;utilisation d&#8217;antigel \u00e0 base de mono-\u00e9thyl\u00e8ne-glycol est recommand\u00e9e. Il assure une protection fiable de tout syst\u00e8me de refroidissement.<\/p>\n","protected":false},"featured_media":197,"comment_status":"open","ping_status":"closed","template":"","meta":{"site-sidebar-layout":"default","site-content-layout":"","ast-site-content-layout":"default","site-content-style":"default","site-sidebar-style":"default","ast-global-header-display":"","ast-banner-title-visibility":"","ast-main-header-display":"","ast-hfb-above-header-display":"","ast-hfb-below-header-display":"","ast-hfb-mobile-header-display":"","site-post-title":"","ast-breadcrumbs-content":"","ast-featured-img":"","footer-sml-layout":"","ast-disable-related-posts":"","theme-transparent-header-meta":"default","adv-header-id-meta":"","stick-header-meta":"","header-above-stick-meta":"","header-main-stick-meta":"","header-below-stick-meta":"","astra-migrate-meta-layouts":"set","ast-page-background-enabled":"default","ast-page-background-meta":{"desktop":{"background-color":"var(--ast-global-color-5)","background-image":"","background-repeat":"repeat","background-position":"center center","background-size":"auto","background-attachment":"scroll","background-type":"","background-media":"","overlay-type":"","overlay-color":"","overlay-opacity":"","overlay-gradient":""},"tablet":{"background-color":"","background-image":"","background-repeat":"repeat","background-position":"center center","background-size":"auto","background-attachment":"scroll","background-type":"","background-media":"","overlay-type":"","overlay-color":"","overlay-opacity":"","overlay-gradient":""},"mobile":{"background-color":"","background-image":"","background-repeat":"repeat","background-position":"center center","background-size":"auto","background-attachment":"scroll","background-type":"","background-media":"","overlay-type":"","overlay-color":"","overlay-opacity":"","overlay-gradient":""}},"ast-content-background-meta":{"desktop":{"background-color":"var(--ast-global-color-4)","background-image":"","background-repeat":"repeat","background-position":"center center","background-size":"auto","background-attachment":"scroll","background-type":"","background-media":"","overlay-type":"","overlay-color":"","overlay-opacity":"","overlay-gradient":""},"tablet":{"background-color":"var(--ast-global-color-4)","background-image":"","background-repeat":"repeat","background-position":"center center","background-size":"auto","background-attachment":"scroll","background-type":"","background-media":"","overlay-type":"","overlay-color":"","overlay-opacity":"","overlay-gradient":""},"mobile":{"background-color":"var(--ast-global-color-4)","background-image":"","background-repeat":"repeat","background-position":"center center","background-size":"auto","background-attachment":"scroll","background-type":"","background-media":"","overlay-type":"","overlay-color":"","overlay-opacity":"","overlay-gradient":""}}},"product_brand":[],"product_cat":[28],"product_tag":[],"class_list":{"0":"post-196","1":"product","2":"type-product","3":"status-publish","4":"has-post-thumbnail","6":"product_cat-antigel","7":"desktop-align-left","8":"tablet-align-left","9":"mobile-align-left","11":"first","12":"instock","13":"shipping-taxable","14":"purchasable","15":"product-type-simple"},"jetpack_sharing_enabled":true,"_links":{"self":[{"href":"https:\/\/dnexpert.site\/index.php\/wp-json\/wp\/v2\/product\/196","targetHints":{"allow":["GET"]}}],"collection":[{"href":"https:\/\/dnexpert.site\/index.php\/wp-json\/wp\/v2\/product"}],"about":[{"href":"https:\/\/dnexpert.site\/index.php\/wp-json\/wp\/v2\/types\/product"}],"replies":[{"embeddable":true,"href":"https:\/\/dnexpert.site\/index.php\/wp-json\/wp\/v2\/comments?post=196"}],"wp:featuredmedia":[{"embeddable":true,"href":"https:\/\/dnexpert.site\/index.php\/wp-json\/wp\/v2\/media\/197"}],"wp:attachment":[{"href":"https:\/\/dnexpert.site\/index.php\/wp-json\/wp\/v2\/media?parent=196"}],"wp:term":[{"taxonomy":"product_brand","embeddable":true,"href":"https:\/\/dnexpert.site\/index.php\/wp-json\/wp\/v2\/product_brand?post=196"},{"taxonomy":"product_cat","embeddable":true,"href":"https:\/\/dnexpert.site\/index.php\/wp-json\/wp\/v2\/product_cat?post=196"},{"taxonomy":"product_tag","embeddable":true,"href":"https:\/\/dnexpert.site\/index.php\/wp-json\/wp\/v2\/product_tag?post=196"}],"curies":[{"name":"wp","href":"https:\/\/api.w.org\/{rel}","templated":true}]}}