{"id":175,"date":"2026-01-04T16:40:02","date_gmt":"2026-01-04T16:40:02","guid":{"rendered":"http:\/\/dnexpert.site\/?post_type=product&#038;p=175"},"modified":"2026-02-19T00:21:24","modified_gmt":"2026-02-19T00:21:24","slug":"liqui-moly-common-rail-additive-diesel-250-ml","status":"publish","type":"product","link":"https:\/\/dnexpert.site\/index.php\/product\/liqui-moly-common-rail-additive-diesel-250-ml\/","title":{"rendered":"LIQUI MOLY Common rail additive (Diesel) 250 ml"},"content":{"rendered":"<p>Combinaison de substances actives avec une teneur \u00e9lev\u00e9e en am\u00e9liorants de pouvoir lubrifiant ainsi qu&#8217;additifs d\u00e9tergents. Ce produit a donc \u00e9t\u00e9 con\u00e7u sp\u00e9cialement en fonction des exigences de la technologie diesel la plus r\u00e9cente, par ex. l&#8217;injection \u00e0 haute pression par rampe commune et pompe-injecteur, ainsi que des carburants diesel pauvres en soufre afin de prot\u00e9ger ces v\u00e9hicules de l&#8217;usure. D&#8217;autres substances actives aux propri\u00e9t\u00e9s d\u00e9tergentes, dispersantes et protectrices de mat\u00e9riaux garantissent le maintien du bon fonctionnement des injecteurs fabriqu\u00e9s avec une grande pr\u00e9cision. Gr\u00e2ce \u00e0 l&#8217;augmentation de l&#8217;inflammabilit\u00e9, le carburant br\u00fble mieux lorsque le moteur est encore froid, ce qui r\u00e9duit donc les nuisances olfactives dues aux gaz d&#8217;\u00e9chappement.<\/p>\n<p><strong>Application\u00a0<\/strong><\/p>\n<p>L&#8217;augmentation de l&#8217;inflammabilit\u00e9 ainsi qu&#8217;une am\u00e9lioration de l&#8217;effet de lubrification gr\u00e2ce au pouvoir lubrifiant ne sont obtenues qu&#8217;avec l&#8217;adjonction en continu aux carburants diesel pauvres en soufre. A ce propos, une bo\u00eete de 250 ml suffit pour 75 l de carburant diesel. Dosage \u00e0 1 : 300. Pour assurer la propret\u00e9 des injecteurs et la protection contre la corrosion, il est recommand\u00e9 d&#8217;ajouter du traitement circuit diesel tous les 2000 km dans le r\u00e9servoir de diesel des voitures de tourisme. En cas d&#8217;arr\u00eat et de conservation de moteurs, ajouter 1 % de traitement circuit diesel au carburant diesel. Respecter les prescriptions de conservation. Il est possible d&#8217;ajouter du traitement circuit diesel au carburant \u00e0 tout moment de son choix, car le m\u00e9lange s&#8217;effectue de lui-m\u00eame.<\/p>\n","protected":false},"excerpt":{"rendered":"<p>Combinaison de substances actives avec une teneur \u00e9lev\u00e9e en am\u00e9liorants de pouvoir lubrifiant ainsi qu&#8217;additifs d\u00e9tergents. Ce produit a donc [&hellip;]<\/p>\n","protected":false},"featured_media":176,"comment_status":"open","ping_status":"closed","template":"","meta":{"site-sidebar-layout":"default","site-content-layout":"","ast-site-content-layout":"default","site-content-style":"default","site-sidebar-style":"default","ast-global-header-display":"","ast-banner-title-visibility":"","ast-main-header-display":"","ast-hfb-above-header-display":"","ast-hfb-below-header-display":"","ast-hfb-mobile-header-display":"","site-post-title":"","ast-breadcrumbs-content":"","ast-featured-img":"","footer-sml-layout":"","ast-disable-related-posts":"","theme-transparent-header-meta":"default","adv-header-id-meta":"","stick-header-meta":"","header-above-stick-meta":"","header-main-stick-meta":"","header-below-stick-meta":"","astra-migrate-meta-layouts":"set","ast-page-background-enabled":"default","ast-page-background-meta":{"desktop":{"background-color":"var(--ast-global-color-5)","background-image":"","background-repeat":"repeat","background-position":"center center","background-size":"auto","background-attachment":"scroll","background-type":"","background-media":"","overlay-type":"","overlay-color":"","overlay-opacity":"","overlay-gradient":""},"tablet":{"background-color":"","background-image":"","background-repeat":"repeat","background-position":"center center","background-size":"auto","background-attachment":"scroll","background-type":"","background-media":"","overlay-type":"","overlay-color":"","overlay-opacity":"","overlay-gradient":""},"mobile":{"background-color":"","background-image":"","background-repeat":"repeat","background-position":"center center","background-size":"auto","background-attachment":"scroll","background-type":"","background-media":"","overlay-type":"","overlay-color":"","overlay-opacity":"","overlay-gradient":""}},"ast-content-background-meta":{"desktop":{"background-color":"var(--ast-global-color-4)","background-image":"","background-repeat":"repeat","background-position":"center center","background-size":"auto","background-attachment":"scroll","background-type":"","background-media":"","overlay-type":"","overlay-color":"","overlay-opacity":"","overlay-gradient":""},"tablet":{"background-color":"var(--ast-global-color-4)","background-image":"","background-repeat":"repeat","background-position":"center center","background-size":"auto","background-attachment":"scroll","background-type":"","background-media":"","overlay-type":"","overlay-color":"","overlay-opacity":"","overlay-gradient":""},"mobile":{"background-color":"var(--ast-global-color-4)","background-image":"","background-repeat":"repeat","background-position":"center center","background-size":"auto","background-attachment":"scroll","background-type":"","background-media":"","overlay-type":"","overlay-color":"","overlay-opacity":"","overlay-gradient":""}}},"product_brand":[],"product_cat":[15],"product_tag":[],"class_list":{"0":"post-175","1":"product","2":"type-product","3":"status-publish","4":"has-post-thumbnail","6":"product_cat-additifs","7":"desktop-align-left","8":"tablet-align-left","9":"mobile-align-left","11":"first","12":"instock","13":"sale","14":"shipping-taxable","15":"purchasable","16":"product-type-simple"},"jetpack_sharing_enabled":true,"_links":{"self":[{"href":"https:\/\/dnexpert.site\/index.php\/wp-json\/wp\/v2\/product\/175","targetHints":{"allow":["GET"]}}],"collection":[{"href":"https:\/\/dnexpert.site\/index.php\/wp-json\/wp\/v2\/product"}],"about":[{"href":"https:\/\/dnexpert.site\/index.php\/wp-json\/wp\/v2\/types\/product"}],"replies":[{"embeddable":true,"href":"https:\/\/dnexpert.site\/index.php\/wp-json\/wp\/v2\/comments?post=175"}],"wp:featuredmedia":[{"embeddable":true,"href":"https:\/\/dnexpert.site\/index.php\/wp-json\/wp\/v2\/media\/176"}],"wp:attachment":[{"href":"https:\/\/dnexpert.site\/index.php\/wp-json\/wp\/v2\/media?parent=175"}],"wp:term":[{"taxonomy":"product_brand","embeddable":true,"href":"https:\/\/dnexpert.site\/index.php\/wp-json\/wp\/v2\/product_brand?post=175"},{"taxonomy":"product_cat","embeddable":true,"href":"https:\/\/dnexpert.site\/index.php\/wp-json\/wp\/v2\/product_cat?post=175"},{"taxonomy":"product_tag","embeddable":true,"href":"https:\/\/dnexpert.site\/index.php\/wp-json\/wp\/v2\/product_tag?post=175"}],"curies":[{"name":"wp","href":"https:\/\/api.w.org\/{rel}","templated":true}]}}